-39
Let b(o) = -3*o + 49. Determine b(-24).
121
Let v(f) = 3148*f - 72388. Give v(23).
16
Let u(g) = -6*g**2 - 4*g - 8. What is u(-3)?
-50
Let x(a) = -2*a**3 + 15*a**2 - 33*a - 9. Determine x(7).
-191
Let y(k) = 539*k + 1. Give y(-1).
-538
Let b(t) = 117*t + 154. Calculate b(-2).
-80
Let r(u) = -64*u + 1010. Calculate r(16).
-14
Let z(k) = 4*k**2 + 223*k - 287. Calculate z(-57).
-2
Let a(b) = -b**2 + 72*b + 1805. What is a(92)?
-35
Let l(t) = 544*t + 2720. What is l(-5)?
0
Let k(w) = -13*w + 222. What is k(-8)?
326
Let v(p) = -10*p + 166. Calculate v(11).
56
Let j(o) = o**3 - 28*o**2 + 69*o + 251. Determine j(25).
101
Let w(s) = 720*s + 1500. Determine w(-2).
60
Let j(c) = 2*c**2 + 418*c - 1267. What is j(3)?
5
Let d(f) = -5*f**2 - 286*f - 78. Calculate d(-57).
-21
Let d(m) = 50*m**2 - 638*m + 16. Calculate d(13).
172
Let k(w) = 52*w**2 + 10*w - 10. Determine k(1).
52
Let w(k) = -k**3 + 129*k**2 + 1027*k - 10197. What is w(136)?
3
Let f(k) = 57*k + 1666. What is f(-28)?
70
Let h(i) = -i**2 + 8*i + 86. Give h(-5).
21
Let d(m) = 654*m + 1874. Give d(-3).
-88
Let j(t) = -2*t**2 + 16*t - 28. What is j(13)?
-158
Let z(y) = 10*y**2 + 45*y - 89. Give z(-6).
1
Let u(s) = 2*s**2 + s - 55. Determine u(6).
23
Let a(o) = -10*o + 777. Calculate a(77).
7
Let h(q) = 8*q - 35. What is h(6)?
13
Let l(z) = 1464*z - 27898. Calculate l(19).
-82
Let u(a) = -346*a + 44282. Calculate u(128).
-6
Let t(b) = -24*b**2 - 55*b - 6. Determine t(-3).
-57
Let n(u) = 2*u**2 + 39*u - 20. Calculate n(-6).
-182
Let p(o) = -209*o + 694. Give p(4).
-142
Let w(m) = -244*m - 755. Determine w(-3).
-23
Let n(o) = 41*o + 285. Calculate n(-6).
39
Let g(b) = 608*b - 31053. Calculate g(51).
-45
Let o(c) = -12*c - 32. Give o(-14).
136
Let j(r) = -22*r**2 + 252*r + 438. What is j(13)?
-4
Let b(z) = 4271*z + 93956. Calculate b(-22).
-6
Let d(h) = 24*h - 420. What is d(40)?
540
Let i(c) = -262*c - 3383. Calculate i(-13).
23
Let c(o) = o**2 + 153*o - 1628. Determine c(10).
2
Let w(t) = -t**3 - 6*t**2 + 124*t + 610. Give w(-5).
-35
Let w(t) = -t**2 - 15*t + 2. Give w(-9).
56
Let f(v) = v**3 + 40*v**2 - 59*v - 651. Give f(-41).
87
Let d(u) = -u**3 + 48*u**2 + 216*u - 416. Give d(52).
0
Let s(j) = -11*j + 1380. What is s(125)?
5
Let q(w) = -w**3 + 8*w**2 + 29*w - 96. What is q(10)?
-6
Let x(i) = -i**3 + 49*i**2 - 359*i - 34. Give x(40).
6
Let n(y) = 2*y**2 + 11877*y - 71294. Give n(6).
40
Let r(s) = 12*s - 124. What is r(13)?
32
Let h(x) = -x**2 - 14*x + 228. Give h(8).
52
Let g(h) = 92*h - 662. What is g(18)?
994
Let n(r) = -r**3 - 35*r**2 - 31*r + 98. What is n(-34)?
-4
Let x(u) = 216*u - 6078. Give x(28).
-30
Let d(c) = 18*c + 49. Calculate d(8).
193
Let f(j) = -141*j - 3453. Give f(-25).
72
Let j(x) = -1656*x + 33119. Determine j(20).
-1
Let u(l) = -l**3 + 104*l**2 + 349*l - 2992. Determine u(107).
4
Let s(x) = x**3 + 31*x**2 + 132*x + 84. Determine s(-6).
192
Let y(k) = k**3 + 2*k**2 - 5*k + 2. Calculate y(2).
8
Let c(f) = 11262*f - 146399. Calculate c(13).
7
Let c(h) = 24*h**3 - h**2 + 9*h - 8. Give c(1).
24
Let q(o) = -5*o**3 + 8. Give q(-5).
633
Let t(u) = 128*u**2 - 2564*u + 90. What is t(20)?
10
Let v(a) = 40*a**2 - 66*a - 38. What is v(2)?
-10
Let c(w) = 2*w**3 - 15*w**2 - 30*w - 55. Give c(9).
-82
Let c(q) = -q**3 - 91*q**2 - 343*q + 464. Give c(-87).
29
Let h(y) = 45*y - 2. Give h(-3).
-137
Let w(o) = -255*o + 6123. What is w(24)?
3
Let d(b) = 21*b**2 + 20*b + 25. What is d(-1)?
26
Let x(n) = -7*n**2 + 184*n - 55. Give x(26).
-3
Let t(j) = j**2 - 6*j - 19. Calculate t(8).
-3
Let b(a) = -17*a - 38. Determine b(-8).
98
Let r(t) = -3565*t - 7109. Calculate r(-2).
21
Let y(t) = t**2 - 18*t + 44. What is y(16)?
12
Let b(m) = -126*m + 3648. What is b(29)?
-6
Let w(g) = -4*g**3 + 4*g**2 + 14*g + 9. Determine w(0).
9
Let z(n) = n**3 - 3*n**2 - 42*n + 22. What is z(0)?
22
Let j(s) = s**2 - 30*s - 2066. Give j(66).
310
Let x(a) = 2*a**2 - 124*a + 105. Give x(60).
-135
Let m(o) = 11*o**2 - 16*o + 37. Give m(6).
337
Let l(c) = -7*c**2 - 469*c - 27. Give l(-67).
-27
Let i(j) = -j**3 + 24*j**2 - 165*j + 5642. Calculate i(26).
0
Let r(t) = -172*t + 656. What is r(4)?
-32
Let b(x) = -393*x - 4699. Determine b(-12).
17
Let u(j) = -5*j**2 - 2042*j + 8207. Determine u(4).
-41
Let n(y) = -3*y**2 - 1956*y + 5878. Calculate n(3).
-17
Let r(c) = c**2 - 39*c - 381. Determine r(-9).
51
Let r(u) = -2*u**2 - 134*u + 567. Calculate r(-71).
-1
Let d(o) = o**3 - 28*o**2 + 68*o + 81. Give d(25).
-94
Let n(w) = 2*w**3 - 21*w**2 + 25*w - 155. What is n(10)?
-5
Let o(f) = -f**2 - 20*f + 56. Give o(-14).
140
Let f(x) = -x**2 + 36*x - 515. Calculate f(15).
-200
Let a(z) = z**3 + 99*z**2 - 736*z + 658. Give a(-106).
22
Let x(t) = 14*t**2 - 157*t - 24. Give x(11).
-57
Let x(d) = 12*d**2 - 99*d + 7. Determine x(5).
-188
Let b(w) = -w**2 + 223*w + 2328. What is b(-10)?
-2
Let r(g) = g**3 + 7*g**2 - 6*g + 353. What is r(-10)?
113
Let q(o) = o**3 + 38*o**2 + 6*o + 202. What is q(-38)?
-26
Let o(q) = -6*q + 82. What is o(18)?
-26
Let v(j) = -350*j + 19976. Calculate v(57).
26
Let g(u) = u**3 + 13*u**2 - 20*u - 497. What is g(-10)?
3
Let o(j) = -j**2 + 42*j - 384. Determine o(27).
21
Let p(d) = 84*d**2 + 8*d - 6. Calculate p(1).
86
Let q(d) = -68*d**2 + 137*d + 7. What is q(2)?
9
Let k(n) = 372*n + 4084. Give k(-11).
-8
Let n(a) = a**3 + 33*a**2 + 136*a + 2284. Calculate n(-31).
-10
Let f(t) = -50*t - 4045. Determine f(-74).
-345
Let q(k) = -5*k**2 - 341*k - 69. Give q(-68).
-1
Let x(k) = -k**3 - 9*k**2 - 19*k - 183. Give x(-9).
-12
Let c(p) = p**2 + 186*p - 4118. What is c(20)?
2
Let z(n) = n - 15. What is z(-2)?
-17
Let v(f) = 2*f**2 + 4*f - 788. What is v(-21)?
10
Let b(v) = -33*v**3 - 11*v + 10. Calculate b(1).
-34
Let d(j) = 2*j**2 - 3*j - 4. Give d(-6).
86
Let g(l) = 4*l**3 + 11*l**2 - 5*l - 16. Determine g(-5).
-216
Let s(v) = -v**2 + 35*v - 116. What is s(20)?
184
Let z(w) = 11*w**3 - 46*w**2 + 13*w - 12. What is z(4)?
8
Let z(w) = -w**3 + 2*w**2 + w + 61. Give z(6).
-77
Let x(d) = -d**3 + 21*d**2 + 21*d - 94. Calculate x(21).
347
Let n(w) = -w**3 - 21*w**2 + 46*w + 48. Give n(-23).
48
Let p(a) = -50*a - 3571. Determine p(-71).
-21
Let k(t) = t**3 - 16*t**2 - 29*t + 120. What is k(17)?
-84
Let j(g) = 11*g**2 + 6*g - 124. What is j(6)?
308
Let x(h) = -h**3 + 10*h**2 - 100*h + 825. Calculate x(9).
6
Let y(m) = m**2 + 36*m + 352. Calculate y(-8).
128
Let d(c) = 26*c + 886. Determine d(-34).
2
Let w(l) = -3*l**2 + 94*l + 3. Determine w(5).
398
Let x(z) = -z**3 + 70*z**2 - 10*z + 700. Determine x(70).
0
Let l(g) = 20*g - 104. What is l(5)?
-4
Let i(s) = -2*s**2 - 46*s - 145. Determine i(-4).
7
Let a(w) = -w**3 + 10*w**2 + 8*w + 22. Give a(9).
175
Let p(k) = k**2 - 36*k + 296. What is p(23)?
-3
Let b(c) = 16*c - 200. Calculate b(11).
-24
Let o(p) = -1370*p - 57540. What is o(-42)?
0
Let x(b) = -3*b**2 - 70*b + 116. Give x(-27).
-181
Let r(x) = 161*x**2 + 10*x + 10. Determine r(-1).
161
Let d(t) = t**3 - 4*t**2 - 2*t + 69. Calculate d(8).
309
Let g(y) = y**3 - 71*y**2 + 73*y - 205. Calculate g(70).
5
Let n(q) = -2*q**3 - 7*q**2 + 2*q + 10. What is n(-3)?
-5
Let i(f) = 5*f**3 + 188*f**2 - 80*f - 135. Give i(-38).
17
Let v(w) = w**3 - 93*w**2 + 178*w + 391. Give v(91).
27
Let l(j) = 14*j**2 + j + 115. Give l(0).
115
Let y(v) = -603*v - 1169. Give y(-2).
37
Let l(q) = -3*q**2 + 331*q - 1881. Determine l(6).
-3
Let q(w) = -30*w**2 + 106*w + 5. Calculate q(2).
97
Let b(f) = -f**2 - 681*f - 5388. Calculate b(-8).
-4
Let i(m) = -6*m**3 - 2*m + 2. What is i(1)?
-6
Let n(o) = -3*o**2 - 319*o - 8227. What is n(-44)?
1
Let f(o) = 4*o**2 - 1106*o + 5513. What is f(5)?
83
Let f(i) = -2*i**3 - 25*i**2 + 20*i - 8. Determine f(-13).
-99
Let l(n) = -2*n**2 - 53*n - 66. What is l(-25)?
9
Let f(q) = -244*q**2 - 3*q + 1. Calculate f(-1).
-240
Let d(j) = j**2 + 11*j - 33. What is d(3)?
9
Let i(b) = -12*b**2 - 170*b + 66. Give i(-14).
94
Let w(u) = 19*u**2 + 1770*u + 269. Calculate w(-93).
-10
Let g(f) = 5208*f + 72920. What is g(-14)?
8
Let w(z) = 4*z**2 - 29*z - 15. Calculate w(8).
9
Let c(d) = -3*d**3 + 3*d**2 + 19*d - 30. Calculate c(4).
-98
Let n(x) = x**2 + 56*x - 2573. What is n(-86)?
7
Let j(b) = b**3 - 9*b**2 - 12*b + 19. Determine j(10).
-1
Let s(a) = -7*a**2 + 5*a + 518. Calculate s(9).
-4
Let o(y) = y**3 + 36*y**2 + 46*y - 771. Wh